{"id":1792,"date":"2018-01-30T09:54:16","date_gmt":"2018-01-30T08:54:16","guid":{"rendered":"http:\/\/dbimportld.cluster017.ovh.net\/?page_id=1792"},"modified":"2023-04-13T08:53:58","modified_gmt":"2023-04-13T06:53:58","slug":"salons-insight","status":"publish","type":"page","link":"https:\/\/www.insightfrance.fr\/index.php\/salons-insight\/","title":{"rendered":"Devenir salon partenaire"},"content":{"rendered":"<p>[vc_row][vc_column css=\u00a0\u00bb.vc_custom_1517303756707{margin-top: -140px !important;}\u00a0\u00bb][vc_column_text]<\/p>\n<h2><\/h2>\n<h2 style=\"text-align: center;\"><span style=\"color: #808080;\">POURQUOI DEVENIR UN SALON INSIGHT<\/span><\/h2>\n<p>&nbsp;<\/p>\n<h5 style=\"text-align: center;\"><span id=\"tran0\">Parce que nous choisissons des formulations non conventionnelles et novatrices <\/span><\/h5>\n<h5 style=\"text-align: center;\"><span id=\"tran0\">qui ont eu pour but de sauvegarder la sant\u00e9 et l&rsquo;\u00e9clat du cheveux par une s\u00e9lection m\u00e9ticuleuse de mati\u00e8res premi\u00e8res, <\/span><\/h5>\n<h5 style=\"text-align: center;\"><span id=\"tran0\">en assurant une perfection absolue et un savoir-faire professionnel.<\/span><\/h5>\n<h5 style=\"text-align: center;\"><span id=\"tran1\">Offrir \u00e0 votre client des produits nourrissant, riches en principes actifs, protecteurs et essentiels en m\u00eame temps, <\/span><\/h5>\n<h5 style=\"text-align: center;\"><span id=\"tran1\">selon un choix prenant conscience de la sant\u00e9 par la puret\u00e9 des formules.<\/span><\/h5>\n<p>[\/vc_column_text][\/vc_column][\/vc_row][vc_row content_placement=\u00a0\u00bbmiddle\u00a0\u00bb parallax=\u00a0\u00bbcontent-moving-fade\u00a0\u00bb][vc_column css=\u00a0\u00bb.vc_custom_1517304004178{margin-top: -130px !important;}\u00a0\u00bb][vc_images_carousel images=\u00a0\u00bb1801,1803,1802,1800,1799,1798,1795,2725,2726&Prime; img_size=\u00a0\u00bb1000&#215;1500&Prime; speed=\u00a0\u00bb1000&Prime; slides_per_view=\u00a0\u00bb5&Prime; autoplay=\u00a0\u00bbyes\u00a0\u00bb hide_pagination_control=\u00a0\u00bbyes\u00a0\u00bb hide_prev_next_buttons=\u00a0\u00bbyes\u00a0\u00bb wrap=\u00a0\u00bbyes\u00a0\u00bb css=\u00a0\u00bb.vc_custom_1681368753324{margin-left: 0px !important;}\u00a0\u00bb][vc_btn title=\u00a0\u00bbDevenez un salon INSIGHT\u00a0\u00bb style=\u00a0\u00bb3d\u00a0\u00bb shape=\u00a0\u00bbround\u00a0\u00bb color=\u00a0\u00bbgrey\u00a0\u00bb align=\u00a0\u00bbcenter\u00a0\u00bb link=\u00a0\u00bburl:https%3A%2F%2Fwww.insightfrance.fr%2Findex.php%2Fcontact-form%2F|||\u00a0\u00bb][\/vc_column][\/vc_row]<\/p>\n","protected":false},"excerpt":{"rendered":"<p>[vc_row][vc_column css=\u00a0\u00bb.vc_custom_1517303756707{margin-top: -140px !important;}\u00a0\u00bb][vc_column_text] POURQUOI DEVENIR UN SALON INSIGHT &nbsp; Parce que nous choisissons des formulations non conventionnelles et novatrices qui ont eu pour but de sauvegarder la sant\u00e9 et l&rsquo;\u00e9clat du cheveux par une s\u00e9lection m\u00e9ticuleuse de mati\u00e8res premi\u00e8res, en assurant une perfection absolue et un savoir-faire professionnel. Offrir \u00e0 votre client des produits nourrissant, riches en principes actifs,&#8230;<\/p>\n","protected":false},"author":1,"featured_media":0,"parent":0,"menu_order":0,"comment_status":"closed","ping_status":"closed","template":"","meta":{"_acf_changed":false,"_exactmetrics_skip_tracking":false,"_exactmetrics_sitenote_active":false,"_exactmetrics_sitenote_note":"","_exactmetrics_sitenote_category":0,"footnotes":""},"class_list":["post-1792","page","type-page","status-publish","hentry"],"acf":[],"_links":{"self":[{"href":"https:\/\/www.insightfrance.fr\/index.php\/wp-json\/wp\/v2\/pages\/1792","targetHints":{"allow":["GET"]}}],"collection":[{"href":"https:\/\/www.insightfrance.fr\/index.php\/wp-json\/wp\/v2\/pages"}],"about":[{"href":"https:\/\/www.insightfrance.fr\/index.php\/wp-json\/wp\/v2\/types\/page"}],"author":[{"embeddable":true,"href":"https:\/\/www.insightfrance.fr\/index.php\/wp-json\/wp\/v2\/users\/1"}],"replies":[{"embeddable":true,"href":"https:\/\/www.insightfrance.fr\/index.php\/wp-json\/wp\/v2\/comments?post=1792"}],"version-history":[{"count":31,"href":"https:\/\/www.insightfrance.fr\/index.php\/wp-json\/wp\/v2\/pages\/1792\/revisions"}],"predecessor-version":[{"id":2724,"href":"https:\/\/www.insightfrance.fr\/index.php\/wp-json\/wp\/v2\/pages\/1792\/revisions\/2724"}],"wp:attachment":[{"href":"https:\/\/www.insightfrance.fr\/index.php\/wp-json\/wp\/v2\/media?parent=1792"}],"curies":[{"name":"wp","href":"https:\/\/api.w.org\/{rel}","templated":true}]}}