{"id":287,"date":"2017-07-10T11:44:23","date_gmt":"2017-07-10T11:44:23","guid":{"rendered":"http:\/\/demo.zozothemes.com\/gosolar\/?page_id=287"},"modified":"2024-12-02T14:01:52","modified_gmt":"2024-12-02T13:01:52","slug":"about-us","status":"publish","type":"page","link":"https:\/\/www.insightfrance.fr\/index.php\/about-us\/","title":{"rendered":"A PROPOS"},"content":{"rendered":"<p>[vc_row content_placement=\u00a0\u00bbmiddle\u00a0\u00bb center_row=\u00a0\u00bbyes\u00a0\u00bb][vc_column width=\u00a0\u00bb1\/12&Prime; typo_style=\u00a0\u00bbdark\u00a0\u00bb offset=\u00a0\u00bbvc_col-lg-12 vc_col-md-6&Prime; css=\u00a0\u00bb.vc_custom_1517406245615{padding-right: 0px !important;padding-left: 0px !important;}\u00a0\u00bb][vc_column_text css=\u00a0\u00bb.vc_custom_1681367964807{margin-left: 0px !important;}\u00a0\u00bb]<\/p>\n<h3 style=\"text-align: center;\"><strong>Insight France<\/strong> repr\u00e9sente la marque INSIGHT sur le territoire fran\u00e7ais, fort de 40 ann\u00e9es d\u2019exp\u00e9rience uniquement consacr\u00e9 aux professionnels de la coiffure nous permettant de maitriser le march\u00e9 et ses diverses exigences,<\/h3>\n<h3 style=\"text-align: center;\">vous pourrez b\u00e9n\u00e9ficier de plus de 100 r\u00e9f\u00e9rences de produits naturels \u00e0 base de principes actifs bio, exclusivement en salon de coiffure afin de satisfaire une demande allant vers le naturel de la part de vos clientes de plus en plus croissante,<\/h3>\n<h3 style=\"text-align: center;\">de la gamme shampoing, soins en passant par la gamme compl\u00e8te de coiffants, pour finir sur toute la partie technique, venez d\u00e9couvrir le plaisir de travailler diff\u00e9remment dans un concept innovant vous permettant d\u2019\u00eatre d\u00e8s demain dans les tendances de votre activit\u00e9.<\/h3>\n<h3 style=\"text-align: center;\">Nous vous proposons aujourd\u2019hui un accompagnement autant de communications que de formations techniques,<\/h3>\n<h3 style=\"text-align: center;\">Naturellement votre\u2026<\/h3>\n<p>&nbsp;<\/p>\n<p>[\/vc_column_text][vc_single_image image=\u00a0\u00bb3002&Prime; img_size=\u00a0\u00bbfull\u00a0\u00bb alignment=\u00a0\u00bbcenter\u00a0\u00bb][\/vc_column][\/vc_row][vc_row][vc_column][vc_btn title=\u00a0\u00bbContacter nous\u00a0\u00bb align=\u00a0\u00bbleft\u00a0\u00bb link=\u00a0\u00bburl:index.php%2Fcontact%2F|||\u00a0\u00bb][\/vc_column][\/vc_row]<\/p>\n","protected":false},"excerpt":{"rendered":"<p>[vc_row content_placement=\u00a0\u00bbmiddle\u00a0\u00bb center_row=\u00a0\u00bbyes\u00a0\u00bb][vc_column width=\u00a0\u00bb1\/12&Prime; typo_style=\u00a0\u00bbdark\u00a0\u00bb offset=\u00a0\u00bbvc_col-lg-12 vc_col-md-6&Prime; css=\u00a0\u00bb.vc_custom_1517406245615{padding-right: 0px !important;padding-left: 0px !important;}\u00a0\u00bb][vc_column_text css=\u00a0\u00bb.vc_custom_1681367964807{margin-left: 0px !important;}\u00a0\u00bb] Insight France repr\u00e9sente la marque INSIGHT sur le territoire fran\u00e7ais, fort de 40 ann\u00e9es d\u2019exp\u00e9rience uniquement consacr\u00e9 aux professionnels de la coiffure nous permettant de maitriser le march\u00e9 et ses diverses exigences, vous pourrez b\u00e9n\u00e9ficier de plus de 100 r\u00e9f\u00e9rences de produits naturels \u00e0 base&#8230;<\/p>\n","protected":false},"author":1,"featured_media":0,"parent":0,"menu_order":0,"comment_status":"closed","ping_status":"closed","template":"template-fullwidth.php","meta":{"_acf_changed":false,"_exactmetrics_skip_tracking":false,"_exactmetrics_sitenote_active":false,"_exactmetrics_sitenote_note":"","_exactmetrics_sitenote_category":0,"footnotes":""},"class_list":["post-287","page","type-page","status-publish","hentry"],"acf":[],"_links":{"self":[{"href":"https:\/\/www.insightfrance.fr\/index.php\/wp-json\/wp\/v2\/pages\/287","targetHints":{"allow":["GET"]}}],"collection":[{"href":"https:\/\/www.insightfrance.fr\/index.php\/wp-json\/wp\/v2\/pages"}],"about":[{"href":"https:\/\/www.insightfrance.fr\/index.php\/wp-json\/wp\/v2\/types\/page"}],"author":[{"embeddable":true,"href":"https:\/\/www.insightfrance.fr\/index.php\/wp-json\/wp\/v2\/users\/1"}],"replies":[{"embeddable":true,"href":"https:\/\/www.insightfrance.fr\/index.php\/wp-json\/wp\/v2\/comments?post=287"}],"version-history":[{"count":26,"href":"https:\/\/www.insightfrance.fr\/index.php\/wp-json\/wp\/v2\/pages\/287\/revisions"}],"predecessor-version":[{"id":3003,"href":"https:\/\/www.insightfrance.fr\/index.php\/wp-json\/wp\/v2\/pages\/287\/revisions\/3003"}],"wp:attachment":[{"href":"https:\/\/www.insightfrance.fr\/index.php\/wp-json\/wp\/v2\/media?parent=287"}],"curies":[{"name":"wp","href":"https:\/\/api.w.org\/{rel}","templated":true}]}}